15*t**2 - t + 1. Calculate a(-15).
16
Let u(t) = -t**3 - 31*t**2 + 141*t + 41. Give u(-35).
6
Let x(v) = -2*v + 25. Give x(17).
-9
Let a(w) = -w**3 - 13*w**2 - 33*w - 18. Determine a(-10).
12
Let t(g) = -2*g - 7. Give t(-9).
11
Let y(t) = -t**2 - 2*t - 1. Determine y(-2).
-1
Let j(p) = p**2 + 8*p + 7. Give j(-5).
-8
Let h(y) = -2*y**3 - 23*y**2 + 16*y + 3. Give h(-12).
-45
Let k(d) = d**2 + 3*d - 5. Calculate k(-4).
-1
Let l(t) = -t**2 + 51*t - 304. Calculate l(44).
4
Let p(i) = -i**2 - 4*i + 8. Give p(-6).
-4
Let o(u) = -u**2 - 37*u - 79. Calculate o(-35).
-9
Let s(i) = -i**2 - 10*i - 23. Calculate s(-7).
-2
Let w(l) = 6*l**2 + 5*l + 5. Determine w(-2).
19
Let l(s) = 23*s + 6. Give l(0).
6
Let y(g) = g**2 - 3*g - 13. Determine y(11).
75
Let g(q) = 7*q**2 - 17*q - 10. Calculate g(6).
140
Let g(r) = -2*r + 10. Determine g(8).
-6
Let g(f) = -2*f + 25. Determine g(16).
-7
Let w(d) = -d**3 - 34. What is w(0)?
-34
Let a(b) = b**2 - 10*b - 10. Give a(10).
-10
Let u(t) = -2*t**2 + 3*t - 15. Give u(0).
-15
Let h(z) = -z**2 - 3*z + 1. Give h(-4).
-3
Let i(a) = -a**2 - 31*a + 29. Give i(-33).
-37
Let y(c) = -24*c + 554. What is y(23)?
2
Let d(f) = 4*f + 29. Give d(-14).
-27
Let d(k) = k**3 - 3*k**2 - 6*k + 5. Calculate d(4).
-3
Let p(w) = w**3 + w**2 - 6*w - 4. Determine p(-3).
-4
Let b(w) = -4*w + 11. Determine b(-5).
31
Let d(u) = 5*u + 36. Calculate d(-7).
1
Let r(i) = i**3 + 8*i**2 - 2*i. Calculate r(-8).
16
Let k(q) = 2*q - 9. Determine k(-6).
-21
Let u(h) = -h**3 + 14*h**2 - 14*h - 15. What is u(13)?
-28
Let f(c) = -c**3 - 13*c**2 - 12*c - 8. Determine f(-12).
-8
Let f(o) = o**2 + 27*o - 280. Give f(-35).
0
Let d(u) = u**3 - u**2 + u - 9. Give d(0).
-9
Let v(y) = 14*y - 178. Give v(13).
4
Let o(r) = r**3 + 14*r**2 - 6*r + 135. What is o(-15)?
0
Let d(t) = 2*t**3 + t**2 + 2*t - 2. What is d(1)?
3
Let n(l) = -l**3 + 11*l**2 - 28*l - 9. Give n(6).
3
Let y(h) = h**2 - 10*h - 21. What is y(13)?
18
Let k(x) = x**2 - 2*x - 1. Calculate k(-4).
23
Let p(o) = o**3 - 29*o**2 + 5. What is p(29)?
5
Let l(v) = 2*v**2 - 8*v - 17. What is l(5)?
-7
Let a(z) = -z**3 + 9*z**2 - 2*z + 12. What is a(9)?
-6
Let p(n) = -49*n + 9. Determine p(-1).
58
Let s(g) = -g - 41. Give s(-8).
-33
Let v(y) = -13*y**2 - 3*y + 3. Determine v(2).
-55
Let b(g) = -2*g - 8. Give b(4).
-16
Let v(x) = 3*x**2 + 5*x + 8. Calculate v(-2).
10
Let n(d) = 29*d + 11. Give n(-5).
-134
Let b(v) = 6*v + 20. Give b(6).
56
Let z(j) = 3*j**2 + 20*j - 60. Determine z(-9).
3
Let j(o) = -o**2 + 13*o. Calculate j(14).
-14
Let j(n) = -14*n - 3. Determine j(-1).
11
Let k(y) = 36*y**3 + 3*y**2 + 3*y + 1. Determine k(-1).
-35
Let u(b) = b**3 + 7*b**2 - 21*b - 155. Give u(-6).
7
Let m(a) = 7*a + 189. Calculate m(-26).
7
Let p(f) = 24*f. Give p(2).
48
Let y(z) = z**2 - 11*z + 17. Determine y(5).
-13
Let x(r) = -r**2 + 3*r - 4. Determine x(3).
-4
Let o(w) = w**2 + 3*w - 2. Give o(6).
52
Let p(x) = -x**3 + 14*x**2 - 28*x - 13. What is p(3)?
2
Let j(h) = h**2 + 11*h + 5. Calculate j(-11).
5
Let j(n) = -n**2 - 3*n + 17. Give j(-9).
-37
Let m(w) = -w**3 - 7*w**2 + 8*w + 9. Determine m(-8).
9
Let s(m) = m**2 + 17*m + 3. Calculate s(-17).
3
Let m(c) = 12*c + 31. Give m(-3).
-5
Let h(z) = -z**2 - z + 80. Give h(9).
-10
Let m(z) = 2*z + 11. Calculate m(-16).
-21
Let o(m) = m**2 - 22*m - 34. Determine o(17).
-119
Let r(t) = t**3 + 23*t**2 + 48. What is r(-23)?
48
Let y(r) = -r**3 - 9*r**2 - 8*r. Determine y(-7).
-42
Let d(a) = a**3 + 6*a**2 + 7*a + 3. Calculate d(-5).
-7
Let p(f) = -f**3 + 11*f**2 - 10*f - 8. What is p(9)?
64
Let j(g) = -8*g - 4. Give j(-1).
4
Let g(j) = 2*j**3 - 13*j**2 + 6*j - 4. Give g(6).
-4
Let q(m) = m**3 - 10*m**2 - 2*m + 1. What is q(9)?
-98
Let l(h) = -13*h**3 + 2*h + 2. Give l(-1).
13
Let u(h) = h - 25. Determine u(20).
-5
Let b(o) = 10*o**2 - 4*o - 7. What is b(-2)?
41
Let p(d) = d**2 + 10*d + 6. Calculate p(-10).
6
Let l(v) = 3*v**2 + 22*v - 1. Calculate l(-7).
-8
Let m(q) = q**3 + q**2 + 4*q + 3. Calculate m(-2).
-9
Let c(x) = -x**2 + 20*x - 37. What is c(16)?
27
Let j(y) = -3*y**2 - 2*y - 22. Determine j(-6).
-118
Let q(d) = 18*d + 602. Determine q(-34).
-10
Let i(r) = -r**2 + 8*r - 5. Determine i(8).
-5
Let u(z) = -z**3 - 5*z**2 - 4*z - 1. What is u(-4)?
-1
Let r(t) = -85*t + 506. Calculate r(6).
-4
Let t(b) = 3*b + 13. Determine t(-2).
7
Let c(s) = s**2 + 14*s - 58. Determine c(5).
37
Let a(j) = -2*j**2 + 5*j + 15. Determine a(6).
-27
Let i(x) = 2*x**2 + x - 3. Calculate i(0).
-3
Let z(i) = 2*i + 6. Calculate z(3).
12
Let p(k) = k**2 - 8*k - 10. Calculate p(7).
-17
Let b(n) = -n**3 - 17*n**2 - 16*n + 13. Give b(-16).
13
Let d(i) = -10*i + 35. What is d(10)?
-65
Let l(v) = -2*v + 7. Calculate l(-4).
15
Let l(f) = 6*f**3 + f**2 - f + 3. Give l(2).
53
Let g(d) = d - 10. Give g(0).
-10
Let g(d) = -2*d**3 - 26*d**2 - 24*d + 9. Calculate g(-12).
9
Let b(m) = m**2 - 11*m - 10. What is b(13)?
16
Let b(o) = 32*o + 2. What is b(2)?
66
Let o(m) = -m**3 - 16*m**2 + 12*m - 32. What is o(-17)?
53
Let u(w) = -w**3 - 4*w**2 + w + 2. Give u(-3).
-10
Let w(g) = -g**2 - 25*g - 113. Give w(-19).
1
Let f(p) = 6*p + 132. Give f(-23).
-6
Let s(h) = h**2 + 32*h + 138. Determine s(-5).
3
Let b(i) = -6*i + 18. Calculate b(12).
-54
Let a(m) = 17*m + 86. Give a(-5).
1
Let y(x) = x**2 + 10*x - 33. Give y(-14).
23
Let i(w) = 33*w - 127. Calculate i(4).
5
Let j(i) = 14*i - 1. Determine j(-1).
-15
Let x(c) = -c**2 + 16*c + 11. What is x(17)?
-6
Let d(r) = -r**2 + r - 23. What is d(0)?
-23
Let u(b) = b**3 - 5*b**2 + 7*b + 2. Give u(5).
37
Let a(x) = 10*x - 6. Give a(-3).
-36
Let o(b) = -b. Determine o(3).
-3
Let r(o) = 51*o + 410. Calculate r(-8).
2
Let v(h) = h**2 - 8*h - 34. Determine v(11).
-1
Let s(j) = 3*j + 29. Give s(-8).
5
Let p(r) = 31*r**2 - 2*r - 2. Determine p(2).
118
Let i(l) = l**2 - 9*l - 10. Determine i(8).
-18
Let s(g) = 4*g - 2. Give s(-7).
-30
Let b(o) = -o**2 + 9*o - 20. What is b(5)?
0
Let s(i) = -i**3 + i**2 + 2*i + 3. Calculate s(-2).
11
Let m(x) = -4*x**3 - x**2 + 4*x - 4. Give m(2).
-32
Let n(h) = -h - 3. Calculate n(-2).
-1
Let v(u) = -u - 7. Calculate v(0).
-7
Let n(x) = -7*x - 1. Determine n(-1).
6
Let z(v) = -v**3 - 6*v**2 - v - 7. Give z(-6).
-1
Let a(i) = 3*i**2 + 10*i - 6. Determine a(-7).
71
Let u(t) = -t**3 + 20*t**2 - 17*t - 28. Calculate u(19).
10
Let k(z) = -13*z**3 + 2*z**2 - 2*z + 1. What is k(1)?
-12
Let l(u) = 4*u + 3. What is l(-5)?
-17
Let p(a) = -7*a - 1. Give p(-1).
6
Let n(d) = 2*d**2 - 2*d - 1. Calculate n(-1).
3
Let m(h) = -2*h - 53. Determine m(-26).
-1
Let d(r) = -3*r - 16. Calculate d(24).
-88
Let a(x) = -x**2 - 17*x - 12. Calculate a(-16).
4
Let o(f) = -3*f + 11. Calculate o(8).
-13
Let u(i) = i**2 + 10*i - 61. Determine u(-14).
-5
Let t(g) = -365*g - 731. Calculate t(-2).
-1
Let p(m) = -m**3 + 3*m**2 + 13*m + 7. Give p(5).
22
Let q(d) = 47*d**3 + d**2 - d. What is q(1)?
47
Let h(z) = -z**2 - 5*z - 7. Calculate h(-7).
-21
Let o(d) = d**3 - 8*d**2 + 6*d - 12. Give o(7).
-19
Let n(d) = -2*d + 1. Determine n(3).
-5
Let c(q) = q**2 + 13*q + 39. Calculate c(-9).
3
Let n(h) = h**3 - 27*h**2 + 25*h - 2. What is n(26)?
-28
Let z(p) = 36*p**2 + 4*p - 5. Determine z(1).
35
Let q(i) = -i**2 - 5*i - 5. Determine q(-3).
1
Let z(y) = 3*y**2 - 64*y + 13. What is z(21)?
-8
Let r(w) = 2*w + 71. What is r(0)?
71
Let d(b) = 5*b + 3. Determine d(2).
13
Let n(l) = -49*l - 5. What is n(-1)?
44
Let p(w) = -10*w + 98. Give p(10).
-2
Let t(h) = 2*h**3 + 10*h**2 - 8*h - 1. Give t(1).
3
Let s(m) = m**3 - 10*m**2 + 7*m + 3. Give s(7).
-95
Let u(s) = 123*s**3 - s**2 - 4*s - 2. Give u(-1).
-122
Let s(a) = -2*a**2 + a + 1. What is s(-1)?
-2
Let g(m) = 8*m + 2. Give g(-3).
-22
Let a(q) = 3*q**2 + 34*q + 79. Give a(-8).
-1
Let t(s) = s**3 - 13*s**2 + 35*s - 41. Determine t(10).
9
Let c(t) = -t**2 + 18*t - 36. Determine c(14).
20
Let k(h) = -h**3 - 18*h**2 + 15*h - 19. Give k(-19).
57
Let t(y) = y + 1. Calculate t(0).
1
Let c(a) = a**3 - a**2 + 4*a - 2. Give c(-3).
-50
Let i(n) = n**2 + 14*n + 43. Give i(-7).
-6
Let b(a) = -a**2 - a - 53. Give b(0).
-53
Let p(s) = s**3 + 9*s**2 + 3*s + 34. Calculate p(-9).
7
Let l(s) = -s**3 + 11*s**2 - 2*s + 9. What is l(11)?
-13
Let s(h) = -15*h - 55. Determine s(-10).
95
Let w(t) = -t**3 - t**2 + 6*t - 1. Give w(2).
-1
Let b(p) = -116*p - 689. What is b(-6)?
7
Let